se j + 165 = -4*u, -6*j = -5*u - 2*j - 201. Let s = u - -56. Calculate the greatest common divisor of 15 and s.
15
Suppose 364*a - 402*a = -2242. Calculate the highest common divisor of 6431 and a.
59
Let f be 8/(-3)*(-9)/2. Let k(m) = 13*m**2 - 31*m. Suppose 0 = 3*z - s - 9, -4*z = 5*s + 2 - 33. Let o be k(z). What is the greatest common divisor of o and f?
12
Let t(f) = -8*f**3 - 3*f**2 + 27*f + 56. Let b be t(-7). What is the highest common divisor of 462 and b?
154
Suppose -5024 - 45664 = -142*d + 98*d. Calculate the greatest common factor of 40 and d.
8
Suppose 0*h - 16 = -2*h. Suppose -5*n + 2*n = -q + 10, 3*n = -5*q + 14. Suppose -h*x + 108 = -q*x. What is the greatest common factor of x and 135?
27
Let h = 116386 + -116376. Suppose -2*p + 0*p = -800. Calculate the greatest common divisor of h and p.
10
Let b(k) = -3*k**3 - 30*k**2 - 73*k + 11. Let q be b(-7). What is the highest common divisor of q and 3483?
81
Let d(i) = -32*i + 472. Let r be d(8). What is the highest common divisor of r and 468?
36
Suppose -446*u + 16352 = -373*u. Calculate the greatest common factor of u and 91.
7
Suppose 3*f + x = -3*x + 10, -5*f - 3*x + 35 = 0. Let o be (f/6)/((-23)/(-1587)). Let t = o + -92. What is the highest common divisor of t and 115?
23
Let q(n) = -3*n - 3*n - 5 - n. Let m be q(-3). Let z be 9/6*4/3. What is the greatest common factor of z and m?
2
Suppose -5*v - 22 = -3*c + 6*c, 2*v = 3*c - 13. Let d be ((-48)/(-192))/(c/36). Let h be 11 - 1 - 2/2. Calculate the highest common divisor of h and d.
9
Let x = 24 - 22. Let k(u) = -u**2 + 4. Let b be k(x). Suppose b*d - z + 77 = 3*d, -d - z + 23 = 0. Calculate the highest common factor of 9 and d.
9
Suppose 0 = -5*i + 55 + 5. Suppose -202*u = -31*u - 696 - 27348. What is the greatest common divisor of u and i?
4
Let z = -489 + 614. Let w = 126 - z. What is the highest common factor of w and 3?
1
Let q be ((-14)/(-14) + -2)/((-2)/494). Calculate the highest common divisor of 171 and q.
19
Suppose 5*a - 53 = 4*n, 7*a - 33 = 4*a + 2*n. Suppose a*s = 32 + 72. Suppose s = -h + 21. Calculate the greatest common divisor of 117 and h.
13
Let i be (-3 - -31)/(3 + (-87)/30). Suppose -185 = -4*w - 5*z + 235, -105 = -w + z. What is the highest common divisor of w and i?
35
Suppose 35 = 2*b + 3. Suppose k - 4*z = 99, -5*z - 30 = 5*k - 650. Let h = k - 79. Calculate the highest common divisor of h and b.
8
Let j(a) = 12*a - 19. Let h be j(2). Suppose 11*s - h*o = 9*s + 2, 4*o = 8. What is the highest common divisor of s and 96?
6
Let c be (140/3)/((-2)/(-6)). Suppose -2*r = -8 - 148. Let l = -43 + r. What is the highest common divisor of l and c?
35
Let q = -248 - -296. Let j(x) = -x**3 + 10 - 8*x - 4*x**2 + 6 - 2*x - 5*x**2. Let o be j(-8). Calculate the greatest common factor of q and o.
16
Let f be (-2*25)/((-2365)/36894). Let i = 49 + -23. Calculate the greatest common divisor of f and i.
26
Suppose -42*b + 23109 = -39*b + x, -3*b = -4*x - 23124. What is the highest common factor of b and 36?
36
Let a(n) = 4*n**2 + 5*n + 5. Let p be a(-4). Let b = 123 - p. Let c(s) = 9403*s + 28246. Let w be c(-3). What is the greatest common factor of w and b?
37
Suppose 4*v = -63 + 315. Let u = -10028 - -10091. Calculate the highest common factor of v and u.
63
Let v be (6/(-9))/(6/(-441)). Let w = 135 + v. Calculate the greatest common divisor of w and 8.
8
Suppose 3*v = -v + 24. Suppose 2*y - v*y = -12. Suppose -6*h + 3 = -3*h, y*k + 5*h - 95 = 0. What is the greatest common factor of 45 and k?
15
Let j = 18545 + -15659. Calculate the greatest common factor of j and 888.
222
Let w be 4221 + (14 - 11) + 4. Calculate the greatest common divisor of w and 28.
28
Let c(x) = 387*x**2 + 3480*x + 15. Let z be c(-9). What is the highest common factor of z and 9849?
21
Let r = -185 + 180. Let f be r + 3 + -9 + 182. Calculate the greatest common factor of 19 and f.
19
Suppose -o = 575*t - 576*t - 37, -2*o = 4*t - 68. What is the greatest common factor of o and 1956?
12
Suppose 2*b = -2*b. Suppose -y = -b - 31. Let l(j) = -2*j**2 + 47*j - 25. Let n be l(13). Calculate the highest common factor of y and n.
31
Suppose -4*q = -4*w - 20172, 0 = -2*q + 5*w + 5950 + 4151. What is the greatest common divisor of 687 and q?
229
Let g = 255 + -250. Suppose -g*c + 152 = 2*m, 2*m = -3*m + 5. What is the highest common divisor of c and 170?
10
Let t(y) = 0*y + 1141 - 1168 - 4*y. Let d be t(-7). Suppose 3 + d = -4*p, -2*z - 5*p = -83. What is the greatest common divisor of 176 and z?
44
Suppose -36 = 7*q - 50. Suppose -4*z - k + 1516 = -5*k, z + q*k - 367 = 0. What is the highest common divisor of z and 30?
15
Let m = 22 - 9. Suppose 6*s + 448 = m*s. Suppose -13*j - s = -17*j. What is the greatest common divisor of j and 144?
16
Suppose -740040 = -93*l + 53*l. What is the highest common divisor of 21 and l?
21
Suppose 0 = 13*o - 8*o + 65. Let w(x) = 18 - 10*x - 3*x + 29. Let i be w(o). What is the greatest common divisor of 27 and i?
27
Let n be (4 + 105/(-10))/((-20)/960). What is the greatest common factor of 533 and n?
13
Let y = 14501 - 14477. What is the greatest common factor of 636 and y?
12
Suppose 4*a + 4*i = -1228, 0 = 4*a + a - i + 1559. Let q = a + 498. Calculate the greatest common divisor of 33 and q.
11
Let k be 1*-4 + (-4 - 21). Let x = k - 0. Let y = 41 + x. What is the highest common factor of y and 96?
12
Suppose -b = -y + 2*b + 16, -2*b = -2*y + 32. Suppose p - 3*u + 68 = 0, -p = -5*u - 17 + 79. Let q = 141 + p. Calculate the highest common factor of y and q.
16
Let y(b) = -3*b**2 - 4 + 3*b**2 + 12*b + 5*b**2 + 15*b**2. Let x be y(2). What is the highest common divisor of x and 75?
25
Suppose -p + j + 13 = 2*p, 0 = -4*p - 3*j + 13. Suppose p*z + 11 = 3. Let b be (1 + 0)*z/((-12)/702). Calculate the greatest common divisor of b and 39.
39
Suppose 151604 = -91*x + 635087. What is the greatest common factor of x and 77?
77
Let a(s) = 17*s**2 - 171*s + 341. Let i be a(2). Let k = 681 - 78. Calculate the highest common divisor of i and k.
67
Let j be -2 + 24/6 - -2. Suppose -5*s + s + 8 = 0, -157 = -5*k + j*s. Calculate the greatest common factor of 11 and k.
11
Suppose 47*o - 91682 = -20618. Calculate the highest common factor of 360 and o.
72
Let o(t) = t. Let n(p) = 23*p - 11. Let m(j) = n(j) - 5*o(j). Let q = -191 + 202. Let h be m(q). Calculate the highest common factor of 17 and h.
17
Let f(m) = -6*m - 6. Suppose -2 + 0 = -2*t, -4*t = -4*l + 116. Let c = 22 - l. Let z be f(c). Calculate the highest common divisor of z and 7.
7
Suppose 2*q + 4*m - 1466 = -0*q, -5*q + 2*m = -3689. What is the highest common factor of 99 and q?
11
Let g(h) = 497*h + 2702. Let u be g(-5). Calculate the highest common divisor of 7 and u.
7
Let f = 132 + 700. Let g(z) = -z**3 + 6*z**2 - z + 2. Let t be g(3). Calculate the greatest common divisor of t and f.
26
Suppose -61 + 151 = 3*j. Suppose f + j = 57. Suppose 22 = 4*a + 2*p, -4*a - 5*p = -f - 10. Calculate the greatest common factor of 27 and a.
3
Let j be 3*59 + 5 + -14 + 16 + -16. What is the highest common divisor of 4179 and j?
21
Suppose 0 = 3*h - 2*w - 8510, 28*h - 26*h = -5*w + 5686. Calculate the greatest common divisor of 344 and h.
86
Let s(i) = 2*i**2 + 2*i - 3. Let o(n) = -n. Let d(p) = -2*o(p) - s(p). Let r be d(0). Suppose v - r = 3. Calculate the highest common factor of 27 and v.
3
Let i(b) = b**3 + 4*b**2 - b - 2. Let u be i(-2). Let y be (-456)/(-6)*(-13)/((-52)/(-75)). Let a = y - -1427. What is the highest common factor of a and u?
2
Suppose 3*q = 3, -4*v + 4*q = -8 - 36. Let d(f) = -301*f**3 + 2*f**2 + 5*f + 3. Let w be d(-1). Let r = 321 - w. What is the greatest common divisor of r and v?
4
Suppose -4*i = 4 - 16. Suppose i*r = 5*r - 8. Let o(v) = 3*v - 3. Let u be o(3). Calculate the greatest common divisor of u and r.
2
Let o = 1704 - 1703. Suppose -4*l = -y - 24, l + 1 + 6 = -3*y. Suppose -o + l = 2*w. Calculate the greatest common divisor of w and 2.
2
Let a(t) = -3*t**3 + 3*t**2 + t - 12. Let n be a(-4). Let p = -210 + n. Calculate the highest common divisor of 42 and p.
14
Suppose -237*s + 2907 = -66*s. Calculate the highest common divisor of 6732 and s.
17
Suppose 271*w = 59823 + 28252. What is the highest common divisor of w and 1975?
25
Suppose -34*w + 2 =